= p - 24. Calculate the remainder when m is divided by 1.
0
Let h(y) = y**2 - 9*y - 26. Let a be h(11). Calculate the remainder when 95 is divided by 4/4 + a + 35.
31
Suppose -9*y = -1574 - 100. What is the remainder when y is divided by 3?
0
Let w = -42 - -80. Let s = 363 + -250. What is the remainder when s is divided by w?
37
Let b = -33 - -47. Let a(s) = 2*s**2 - 26*s - 8. Calculate the remainder when a(b) is divided by 3.
2
Let c(t) = -t**3 - 5*t**2 - 6*t - 2. Let y(m) = -m**3 + 4*m**2 + 4*m + 1. Let l be y(5). Calculate the remainder when 29 is divided by c(l).
5
Let m(n) = n**3 + 11*n**2 - 8*n - 9. Suppose -3*d = 4*k + 71, d + 3*k - 2*k + 23 = 0. Let r = 10 + d. What is the remainder when m(r) is divided by 20?
19
Let s(k) = -7*k**2 + 2*k + 2. Let o(l) = 20*l**2 - 5*l - 6. Suppose 18 = 2*a - 16. Let i(y) = a*s(y) + 6*o(y). What is the remainder when i(3) is divided by 7?
5
Suppose 21*v = 59*v - 4940. What is the remainder when v is divided by 20?
10
Let a(q) = q**3 + 19*q**2 - 7*q - 17. Calculate the remainder when a(-18) is divided by 23.
19
Let x(n) = n**3 - n**2 + 13*n - 90. Calculate the remainder when 599 is divided by x(5).
74
Suppose -3*u - 5*v = 305, -4*u - v + 3*v - 372 = 0. What is the remainder when 312/28 - 3/21 is divided by u/(-25) - (-2)/10?
3
Let y be 22*3*16/(-24). Let q = y - -67. What is the remainder when q is divided by 9?
5
Let r = 582 - 398. What is the remainder when r is divided by 47?
43
Suppose 86*p + 3*m = 84*p + 1212, 5*m = -p + 606. What is the remainder when p is divided by 21?
18
Suppose -3*x + 150 = 3*m, -2*x - 46 = -m + x. Suppose -5*w - m = -4*h, 2*w = -3*h + 2*h - 4. Calculate the remainder when h is divided by 2.
0
Let t(w) = 19*w + 49. What is the remainder when t(7) is divided by 19?
11
Let q be -1*(-4)/((-80)/12)*-5. What is the remainder when 79 is divided by (2 - 4)*(-42)/q?
23
Let k be ((-12)/(-30))/((-2)/60). Let y be 10/(-60) - 14/k. Calculate the remainder when 29 is divided by (-1)/y*(-13 - -2).
7
Let m(z) = 1 - 5*z + 3*z + 8. Suppose 3*s - 1 + 8 = -4*k, 2*k = 3*s + 37. What is the remainder when m(s) is divided by 10?
7
Suppose 4*g = 8*l - 9*l + 74, 4*l - 2*g = 242. What is the remainder when l is divided by 32?
30
Let z(g) = -g**2 - 9*g + 2. Let q be z(-9). Suppose q + 8 = b. Suppose 5*s - 185 = -2*f, 0*f = -4*s - 3*f + 141. Calculate the remainder when s is divided by b.
9
Let o(q) = -q - 6*q**2 - 4*q**2 + 3 + 7*q**2 + 4*q**2. Let m be o(0). Suppose m*d + 48 = 6*d. What is the remainder when d is divided by 9?
7
Let l(g) = 30*g + 6. Let p be l(3). Suppose 6*t - p = 66. What is the remainder when 51 is divided by t?
24
Let v(l) = 4*l - 2. Let w be v(1). Suppose -w*x + 6 = x. Let a = 4 - 2. What is the remainder when x is divided by a?
0
Suppose -j + 7*j = 6. Calculate the remainder when 165 is divided by ((-17)/(-2))/(j/4).
29
Suppose 2*n - 12 = -2*t, 3*n - 2*t = -7*t + 10. Let i(m) = 5*m**2 - 2*m + 1. Calculate the remainder when n is divided by i(1).
2
Suppose 255 = 8*d - 41. Calculate the remainder when 89 is divided by d.
15
Let v be 3/9*9 + -1. Calculate the remainder when 4 + v/4*62 is divided by 20.
15
Let y be 1 + (-1)/(-1) + 1. Suppose -8*q + 37 = -3. Let i = q + y. Calculate the remainder when 13 is divided by i.
5
Let f(z) = 3*z**2 + 1. Let x be f(-1). Suppose 0 = -t - 2*k - x + 95, -t + 3*k + 71 = 0. What is the remainder when t is divided by 14?
13
Let v = 1091 - 1044. Calculate the remainder when v is divided by 11.
3
Let u = 12 - -2. Suppose 0 = -w + 4 - 0. Suppose -w*t + 164 = -0*t. Calculate the remainder when t is divided by u.
13
Let h = -56 + 76. Calculate the remainder when (2 - (-35)/(-25)) + 1168/h is divided by 30.
29
Let g = -38 - -11. Let q be (2/(-1))/(18/g). Suppose 3*h + q - 21 = 0. What is the remainder when 23 is divided by h?
5
Let s(i) = -50*i - 1302. What is the remainder when s(-27) is divided by 2/2 - 0 - -24?
23
Let x = -328 + 437. Calculate the remainder when x is divided by 28.
25
Suppose -11*p = -51 - 301. What is the remainder when 445 is divided by p?
29
Suppose -60*d = 44*d - 2600. Calculate the remainder when 598 is divided by d.
23
Suppose -p = 3, 3*r = -9*p + 4*p - 18. What is the remainder when 74 is divided by r/(-4) - 0 - 2871/(-116)?
24
Suppose 5*g - 3*g - 18 = 0. Suppose -4*j + 4*f - 84 = -8*j, j - 2*f = g. Calculate the remainder when 84 is divided by j.
16
Suppose 288*o = 283*o + 360. What is the remainder when 107 is divided by o?
35
Let b be ((-80)/15)/(-2)*3. Suppose 9*r = b*r + 21. Let p = 37 + -25. Calculate the remainder when r is divided by p.
9
Suppose -79 - 161 = -2*g. Suppose 0*n - g = -6*n. Calculate the remainder when 34 is divided by n.
14
Suppose -2*l + 4*q + 40 = -56, 4*l - 202 = -2*q. Calculate the remainder when 299 is divided by l.
49
Let g(h) be the second derivative of -h**3/3 - 2*h**2 - h. What is the remainder when 15/4 + -3 - 39/(-12) is divided by g(-3)?
0
Let g(p) = p**2 - 15*p + 4. Let v(m) = -m**2 + 15*m - 4. Let b(q) = 4*g(q) + 3*v(q). Calculate the remainder when b(17) is divided by 21.
17
Suppose -8*c = -1093 - 915. What is the remainder when c is divided by 85?
81
Let j = -355 - -380. Calculate the remainder when 105 is divided by j.
5
Let s = 21 - 21. Let r be 1/4 + (-27)/(-4). Let j = s + r. Calculate the remainder when j is divided by 3.
1
Let o(y) = 11*y**2 - 10*y - 1. Let s be o(5). Let n = s + -100. What is the remainder when n is divided by 32?
28
Let d be ((-12)/(-10))/((-10)/(-1150)). Let m be 8/(-3)*d/(-4). Suppose -4 = p, o - m = -3*o - 2*p. What is the remainder when o is divided by 9?
7
Let b be (-16)/(-6) - 1/(-3). Suppose -2*f + 35 = b*f. Calculate the remainder when (275/2)/5*(-48)/(-40) is divided by f.
5
Let u(h) = -1. Let f(y) = y + 9. Let p(g) = f(g) - 2*u(g). Let s be p(-6). Suppose s*j = 178 - 68. What is the remainder when 65 is divided by j?
21
Let c(h) = h**3 + 16*h**2 - h - 15. Let a be c(-16). Suppose -5*z + 2*z - 4*b = a, -4*z = b - 16. What is the remainder when 10 is divided by z?
0
Let y(p) = p**2 + 6*p + 48. Calculate the remainder when 861 is divided by y(0).
45
Let k(d) = -3*d + 9. Let l be k(-6). Let g be 3/l*-3*3. Let u(t) = -10*t**3 + t**2 - 1. What is the remainder when 39 is divided by u(g)?
9
Let t(f) = -f**3 - 17*f**2 - 39*f - 92. What is the remainder when 944 is divided by t(-15)?
41
Suppose -9*h = -20*h + 22. Suppose 103 = 5*b + h*t, -7*t + 3*t - 41 = -3*b. Suppose 2 - 56 = -l. What is the remainder when l is divided by b?
16
Suppose -125 = -6*d - 113. Calculate the remainder when 178 is divided by 1/(3*d/120).
18
What is the remainder when 983 is divided by -177*(-30)/225 - (-2)/5?
23
Suppose -2*d + 20 = -4*d. Let a = 33 - d. What is the remainder when 170 is divided by a?
41
Let j = 13 - 33. Let x = 29 + j. Calculate the remainder when x is divided by (-2)/(-1) - (-1 - 0).
0
Let u be (-76)/(-20) - 2/(-10). Suppose -4*m - 5*n + u = -71, -m + n = -12. Calculate the remainder when 73 is divided by m.
13
Let z(o) = -o**2 + 12*o + 17. Let r be z(13). Suppose 0 = r*j - 3 + 11. What is the remainder when 3/(-12)*j*106 is divided by 14?
11
Let a = 152 - 94. Suppose -a = 6*q - 184. What is the remainder when q is divided by 7?
0
Let r = 2 - -4. Suppose -3*j = -t + 34, 2*t - r*j - 62 = -2*j. Suppose -184*d = -205*d + 189. Calculate the remainder when t is divided by d.
7
Let t(a) = 13*a**2 - 8*a - 6. Calculate the remainder when t(-2) is divided by 18.
8
Suppose h + 179 + 90 = 4*n, 0 = -5*n - 3*h + 332. Let b(l) = 33*l**2 + l. What is the remainder when n is divided by b(1)?
33
Suppose 5*z - 2*d + 1456 = 0, -4*z = 3*d - 4*d + 1163. Let m(h) = h**3 + 5*h**2 + 3*h + 1. Calculate the remainder when z/(-6) - (-2)/(-6) is divided by m(-3).
8
Let p(r) = 3*r + 29. Let d be p(-8). Suppose 4*a = 65 - d. What is the remainder when 44 is divided by a?
14
Let j(y) = 6*y**2 + 7*y - 3. Let m(k) = 3*k**2 + 3*k - 2. Let o(d) = -2*j(d) + 5*m(d). Calculate the remainder when o(-4) is divided by 15.
10
Suppose -5*n + 2*c = -338 - 52, -5*n = -5*c - 405. Calculate the remainder when 157 is divided by n.
5
Suppose 0 = -5*r + 13*y - 8*y + 325, y - 69 = -r. What is the remainder when r is divided by 17?
16
Suppose -196 = -21*b + 119. Let f(m) = 5*m**2 + 1. What is the remainder when b is d